**3 + 9*t**2 + 3*t + 3. Give k(-5).
-37
Let v(z) = -9*z + 32. Give v(11).
-67
Let o(r) = -5*r**3 - r**2 + 3*r + 1. Determine o(-2).
31
Let m(g) = g + 13. Determine m(-11).
2
Let t(b) = b**2 + 8*b - 155. Give t(-17).
-2
Let l(a) = 44*a - 35. Calculate l(1).
9
Let q(h) = 2*h**3 + 9*h**2 - 6*h - 2. Give q(-5).
3
Let d(x) = 2*x**3 - 3*x - 4. Calculate d(-2).
-14
Let q(b) = b**3 - 3*b**2 - 9*b + 9. Give q(4).
-11
Let p(r) = r**3 + 9*r**2 + r + 22. Determine p(-9).
13
Let b(p) = -6*p - 28. Give b(0).
-28
Let k(y) = -2*y**2 + 8*y + 6. Calculate k(5).
-4
Let m(y) = y**3 + 7*y**2 - 3*y - 1. Determine m(-8).
-41
Let u(r) = r**3 + 4*r**2 + r + 2. What is u(-4)?
-2
Let v(c) = c**3 - 7*c**2 + 7*c - 7. Calculate v(6).
-1
Let m(w) = 3*w**2 - 158*w + 60. Calculate m(52).
-44
Let f(z) = 6*z + 1. Determine f(-4).
-23
Let q(s) = -s - 30. Calculate q(-13).
-17
Let c(v) = 2*v + 27. Give c(-17).
-7
Let g(v) = v**3 + 10*v**2 - v - 24. Give g(-10).
-14
Let a(z) = -3*z. Calculate a(0).
0
Let w(x) = -x**3 + 6*x**2 + 4*x - 12. Determine w(3).
27
Let y(n) = -n**2 - 3*n - 1. Calculate y(-1).
1
Let v(j) = -21*j + 133. Give v(6).
7
Let b(a) = 2*a**3 - 2*a**2 - 3*a - 5. What is b(-2)?
-23
Let o(y) = 7*y**3 - 31*y**2 + 11*y + 1. Give o(4).
-3
Let u(x) = x**2 + 22*x + 75. What is u(-5)?
-10
Let v(f) = f**2 + 3*f + 3. Calculate v(-2).
1
Let r(m) = m**3 + 3*m**2 + 5*m + 3. Determine r(-3).
-12
Let i(n) = -3*n - 3. What is i(5)?
-18
Let c(p) = -6*p + 5. Determine c(-5).
35
Let b(x) = x**2 - 5*x. Give b(-5).
50
Let z(c) = c + 15. Give z(-10).
5
Let c(w) = -w**3 + 7*w**2 - 7*w + 1. Determine c(6).
-5
Let y(x) = x - 44. Calculate y(12).
-32
Let x(p) = p**2 - 15*p + 2. Calculate x(15).
2
Let z(w) = w**2 + w + 31. Determine z(0).
31
Let c(g) = 3*g**3 + g. What is c(-1)?
-4
Let l(k) = -k**3 - 5*k**2 + 5*k + 6. What is l(-6)?
12
Let o(y) = -y**3 + 3*y**2 + 3*y - 5. Determine o(3).
4
Let c(r) = r**3 + 4*r**2 + 5*r - 1. What is c(-4)?
-21
Let z(a) = a**2 - 17*a - 39. Calculate z(18).
-21
Let w(q) = -4*q + 50. What is w(20)?
-30
Let o(s) = -s + 86. Calculate o(65).
21
Let a(b) = -2*b**3 + 39*b**2 - 18*b - 25. Calculate a(19).
-6
Let x(a) = -a**2 - 5*a + 6. Give x(2).
-8
Let d(q) = -q**3 + q**2 + 5*q - 8. Determine d(0).
-8
Let x(u) = 21*u + 154. Determine x(-8).
-14
Let l(y) = 5*y + 2. Determine l(-13).
-63
Let z(a) = -a**3 + 49*a - 6. Determine z(-7).
-6
Let j(o) = -4*o + 58. What is j(16)?
-6
Let a(x) = -4*x - 22. Give a(7).
-50
Let n(y) = -3*y + 62. Determine n(19).
5
Let d(m) = -m**3 - 6*m**2 - m + 8. What is d(-6)?
14
Let d(n) = n**2 - n - 2. What is d(2)?
0
Let c(o) = o**3 - 6*o**2 - 26*o - 3. Give c(9).
6
Let m(k) = -k**3 - 10*k**2 + 14*k + 12. Calculate m(-11).
-21
Let g(q) = -28*q - 1374. Calculate g(-49).
-2
Let s(v) = 2*v + 20. Calculate s(-15).
-10
Let x(d) = 4*d**2 + 3*d - 3. What is x(2)?
19
Let c(m) = 3*m**3 - 4*m**2 - 17*m + 13. What is c(3)?
7
Let z(c) = -15*c + 465. Calculate z(31).
0
Let o(p) = 5*p**2 + 14*p + 16. Calculate o(-1).
7
Let r(y) = 4*y**3 - 2*y + 2. Give r(1).
4
Let r(l) = -l**3 + 27*l**2 + 26*l + 63. Give r(28).
7
Let o(u) = u**3 + u**2 - u + 1. What is o(-2)?
-1
Let b(n) = 13*n + 1. What is b(0)?
1
Let v(r) = r**3 - 6*r**2 + 5*r - 12. What is v(5)?
-12
Let h(b) = b + 11. Give h(-19).
-8
Let d(i) = -25*i**2 - 8*i - 14. Give d(-3).
-215
Let u(y) = -y**2 - 6*y - 5. Calculate u(-5).
0
Let i(h) = -h**2 - 10*h - 3. Determine i(-7).
18
Let z(p) = 2*p**3 + p**2 - p + 1. Determine z(1).
3
Let q(f) = 18*f + 16. Determine q(-5).
-74
Let a(l) = 21*l + 27. Determine a(-2).
-15
Let d(n) = n + 22. Determine d(-18).
4
Let m(a) = -5*a + 79. What is m(16)?
-1
Let q(u) = -2*u - 6. Determine q(0).
-6
Let t(k) = -k**3 - 6*k**2 + k - 10. Determine t(-6).
-16
Let x(y) = y**3 + 9*y**2 + 16*y - 10. What is x(-5)?
10
Let t(c) = -c**3 + 2*c**2 + 6*c - 2. Give t(3).
7
Let t(z) = z**3 + 4*z**2 - z + 5. What is t(-4)?
9
Let z(v) = v**3 - 3. Determine z(3).
24
Let j(h) = -h**3 - 7*h**2 - h - 15. Calculate j(-6).
-45
Let g(q) = -q**2 - q + 3. Give g(0).
3
Let b(c) = 3*c + 25. Give b(-8).
1
Let x(d) = -d**3 + 4*d**2 - 5. Calculate x(5).
-30
Let t(n) = 9*n - 40. Calculate t(11).
59
Let n(m) = -m**3 + 11*m**2 + 24*m + 27. Give n(13).
1
Let b(m) = -m**3 + 4*m**2 + 14*m - 5. Calculate b(6).
7
Let d(y) = y**3 + 11*y**2 + 17*y - 5. Determine d(-9).
4
Let m(n) = 5*n**2 - 6*n - 5. Give m(4).
51
Let b(d) = 6*d + 20. Calculate b(-5).
-10
Let u(g) = 44*g**2 - 4*g - 2. Give u(1).
38
Let j(z) = 4*z - 2. Calculate j(-5).
-22
Let j(q) = -8*q**3 + 4*q**2 - 2*q - 2. Calculate j(2).
-54
Let l(b) = -30*b - 116. Determine l(-4).
4
Let z(o) = -5*o**2 + 35*o + 6. Calculate z(7).
6
Let n(l) = 4*l**3 - 7*l**2 - 15*l + 4. Give n(-3).
-122
Let l(z) = -z**3 + 3*z**2 + 13*z - 45. Calculate l(3).
-6
Let b(k) = k**3 + 5*k**2 - 7*k + 3. Give b(-6).
9
Let l(m) = -2*m + 4. Give l(-7).
18
Let c(w) = w**3 + 9*w**2 - 20*w + 7. Give c(-11).
-15
Let a(g) = -2*g**3 + 23*g**2 + 10*g + 13. Calculate a(12).
-11
Let t(z) = 19*z + 486. Give t(-26).
-8
Let j(w) = -w**2 + 3*w - 5. Give j(4).
-9
Let s(z) = 6*z + 1. What is s(1)?
7
Let j(l) = -l**2 + 20*l + 72. Give j(21).
51
Let u(a) = 2*a**2 - 19*a - 6. Calculate u(10).
4
Let h(y) = y**2 - 16*y - 383. Calculate h(29).
-6
Let u(q) = q**2 + 4*q. What is u(-5)?
5
Let i(g) = -2*g**3 + 86*g**2 + 4*g - 167. Give i(43).
5
Let o(p) = 7*p + 21. Determine o(0).
21
Let m(o) = -o**3 - 7*o**2 - 5*o + 9. Determine m(-6).
3
Let d(b) = b**3 - 3*b**2 - 3*b - 3. Give d(3).
-12
Let c(t) = 61*t + 68. Determine c(-1).
7
Let n(k) = k**3 + 16*k**2 - 38*k - 30. Calculate n(-18).
6
Let w(b) = -2*b**2 - 7*b + 11. What is w(-6)?
-19
Let x(v) = -v**2 + 2. Determine x(-4).
-14
Let z(d) = d**2 + 4*d - 15. What is z(-7)?
6
Let c(a) = -4*a - 25. Determine c(-2).
-17
Let c(m) = m**2 - 12*m + 20. Determine c(9).
-7
Let w(k) = -k**2 + 27*k - 20. Calculate w(25).
30
Let w(t) = -11*t**2 - 2*t + 1. Determine w(-3).
-92
Let h(p) = -p**3 - 10*p**2 + 8*p + 4. Determine h(-10).
-76
Let p(t) = -43*t - 4. Calculate p(-2).
82
Let k(p) = p + 3. What is k(9)?
12
Let s(c) = 2*c**2 - 18*c + 9. Give s(8).
-7
Let k(x) = 2*x + 38. Calculate k(-14).
10
Let m(x) = x**2 + 5*x + 4. Calculate m(6).
70
Let t(x) = 14*x - 4. Determine t(-1).
-18
Let o(v) = v**2 - v + 3. What is o(0)?
3
Let j(m) = 10*m**2 + 6*m - 7. Give j(2).
45
Let h(g) = 13*g - 64. Calculate h(5).
1
Let g(m) = 3*m + 22. What is g(-10)?
-8
Let v(k) = -k**3 - 4*k**2 + 10*k + 14. Give v(-5).
-11
Let w(f) = -5*f**3 - f**2 + 2. What is w(2)?
-42
Let c(o) = -o**3 - 26*o**2 - 27*o + 6. What is c(-25)?
56
Let y(m) = -m**3 - m - 2. Give y(3).
-32
Let o(h) = -h**3 - h - 2. What is o(2)?
-12
Let p(x) = 7*x**3 + 2*x**2 + 4*x - 5. Give p(1).
8
Let u(m) = 6*m - 9. What is u(-5)?
-39
Let q(m) = -7*m**3 + m**2 - m. Determine q(1).
-7
Let j(p) = -p**2 - 7*p + 1. Determine j(-6).
7
Let x(k) = -5*k**2 + 4*k. What is x(4)?
-64
Let u(g) = g**3 - 20*g**2 - 19*g - 28. Determine u(21).
14
Let f(z) = z - 1. Give f(1).
0
Let g(t) = -4*t**2 - 5*t - 5. Determine g(-4).
-49
Let g(t) = -17*t + 27. Give g(-5).
112
Let h(b) = -b**2 - 27*b - 142. Give h(-10).
28
Let u(x) = -43*x + 906. What is u(21)?
3
Let s(b) = -b**3 + 18*b**2 - 5. Determine s(18).
-5
Let f(w) = -w**2 - 6*w - 8. What is f(-6)?
-8
Let q(g) = -g**2 - 10*g + 553. What is q(19)?
2
Let n(g) = -5*g - 51. Give n(-12).
9
Let x(w) = -3*w**2 + 29*w - 13. Determine x(9).
5
Let a(q) = q**2 - 13. What is a(6)?
23
Let l(a) = 105*a**3 + 2*a**2 - 5*a + 2. Determine l(1).
104
Let f(y) = -2*y + 22. What is f(12)?
-2
Let q(w) = -12*w**2 + w - 2. Determine q(1).
-13
Let z(w) = 3*w + 2. What is z(0)?
2
Let g(s) = -22*s**2 - s - 1. Give g(-1).
-22
Let i(k) = k**2 - 27*k + 38. Give i(26).
12
Let b(h) = h**2 + 2*h - 34. Calculate b(5).
1
Let k(t) = -t**3 - 8*t**2 - 2*t - 19. What is k(-8)?
-3
Let t(r) = r + 5. Determine t(17).
22
Let i(b) = 2*b**2 - 5*b. Determine i(4).
12
Let a(x) = 2*x**3 - x**2 + x + 3. Give a(-2).
-19
Let c(f) = -f**2 + 9*f + 14. Give c(13).
-38
Let w(t) = -t**2 + 6*t + 34. What is w(8)?
18
Let x(d) = -d - 3. Calculate x(-3).
0
Let v(h) = h**3 - 9*h**2 - 17*h - 59. Give v(11).
-4
Let d(j) = -j**2 - 8*j - 26. Determine d(-6).
-14
Let q(m) = -m**3 - 22*m**2 + 22*m - 26. Calculate q(-23).
-3
Let k(u) = u**3 + 20*u**2 + 9*u + 178. Determine